{"id":728,"date":"2025-09-30T15:07:41","date_gmt":"2025-09-30T13:07:41","guid":{"rendered":"https:\/\/evoluzen.fr\/?page_id=728"},"modified":"2025-09-30T15:18:00","modified_gmt":"2025-09-30T13:18:00","slug":"blog","status":"publish","type":"page","link":"https:\/\/evoluzen.fr\/index.php\/blog\/","title":{"rendered":"Blog"},"content":{"rendered":"<ul class=\"wp-block-latest-posts__list is-grid columns-3 wp-block-latest-posts\"><li><a class=\"wp-block-latest-posts__post-title\" href=\"https:\/\/evoluzen.fr\/index.php\/info\/les-medecins-dailleurs-une-forme-daccompagnement-energetique\/\">Les m\u00e9decins d\u2019ailleurs : une forme d\u2019accompagnement \u00e9nerg\u00e9tique ?<\/a><\/li>\n<li><a class=\"wp-block-latest-posts__post-title\" href=\"https:\/\/evoluzen.fr\/index.php\/prestations\/quand-les-soins-energetiques-deviennent-karmiques\/\">Quand les soins \u00e9nerg\u00e9tiques deviennent transdimentionnels<\/a><\/li>\n<li><a class=\"wp-block-latest-posts__post-title\" href=\"https:\/\/evoluzen.fr\/index.php\/spirit\/printemps-et-paques-loccasion-parfaite-pour-se-recentrer-et-repartir-du-bon-pied\/\">Printemps et P\u00e2ques : L\u2019occasion parfaite pour se recentrer et repartir du bon pied<\/a><\/li>\n<li><a class=\"wp-block-latest-posts__post-title\" href=\"https:\/\/evoluzen.fr\/index.php\/spirit\/et-si-les-epreuves-de-la-vie-avaient-un-sens\/\">Et si les \u00e9preuves de la vie avaient un sens ?<\/a><\/li>\n<li><a class=\"wp-block-latest-posts__post-title\" href=\"https:\/\/evoluzen.fr\/index.php\/atelier\/liberez-les-emotions-cumulees-en-2024-et-demarrez-2025-en-toute-legerete\/\">Lib\u00e9rez les \u00e9motions cumul\u00e9es en 2024 et d\u00e9marrez 2025 en toute l\u00e9g\u00e8ret\u00e9.<\/a><\/li>\n<\/ul>","protected":false},"excerpt":{"rendered":"","protected":false},"author":1,"featured_media":0,"parent":0,"menu_order":0,"comment_status":"closed","ping_status":"closed","template":"","meta":{"footnotes":""},"class_list":["post-728","page","type-page","status-publish","hentry","has-meta has-sticky-meta"],"_links":{"self":[{"href":"https:\/\/evoluzen.fr\/index.php\/wp-json\/wp\/v2\/pages\/728","targetHints":{"allow":["GET"]}}],"collection":[{"href":"https:\/\/evoluzen.fr\/index.php\/wp-json\/wp\/v2\/pages"}],"about":[{"href":"https:\/\/evoluzen.fr\/index.php\/wp-json\/wp\/v2\/types\/page"}],"author":[{"embeddable":true,"href":"https:\/\/evoluzen.fr\/index.php\/wp-json\/wp\/v2\/users\/1"}],"replies":[{"embeddable":true,"href":"https:\/\/evoluzen.fr\/index.php\/wp-json\/wp\/v2\/comments?post=728"}],"version-history":[{"count":4,"href":"https:\/\/evoluzen.fr\/index.php\/wp-json\/wp\/v2\/pages\/728\/revisions"}],"predecessor-version":[{"id":744,"href":"https:\/\/evoluzen.fr\/index.php\/wp-json\/wp\/v2\/pages\/728\/revisions\/744"}],"wp:attachment":[{"href":"https:\/\/evoluzen.fr\/index.php\/wp-json\/wp\/v2\/media?parent=728"}],"curies":[{"name":"wp","href":"https:\/\/api.w.org\/{rel}","templated":true}]}}