{"id":398,"date":"2024-12-16T14:35:52","date_gmt":"2024-12-16T13:35:52","guid":{"rendered":"https:\/\/evoluzen.fr\/?page_id=398"},"modified":"2025-11-04T09:14:34","modified_gmt":"2025-11-04T08:14:34","slug":"temoignages","status":"publish","type":"page","link":"https:\/\/evoluzen.fr\/index.php\/temoignages\/","title":{"rendered":"T\u00e9moignages"},"content":{"rendered":"\n<p class=\"has-black-color has-pale-ocean-gradient-background has-text-color has-background has-link-color wp-elements-8e8287dba4de92dc9055f57b7fde739c\"><em>Je remercie chaleureusement toutes les personnes qui prennent le temps de t\u00e9moigner sur ma l\u00e9gitimit\u00e9 et mon travail. Vos mots et votre confiance me touchent profond\u00e9ment<\/em> \ud83d\ude4f\ud83d\udc96<\/p>\n\n\n\n<blockquote class=\"wp-block-quote is-layout-flow wp-block-quote-is-layout-flow\">\n<p style=\"font-size:15px;line-height:1.3\"><em>C\u2019est la 1\u00e8re fois que je re\u00e7ois un soin \u00e0 distance et je peux \u00e0 mon tour confirmer que les ressentis sont bien pr\u00e9sents. V\u00e9ronique a su p\u00e9n\u00e9trer \u00e0 travers diff\u00e9rents espaces temps et remonter jusqu\u2019\u00e0 l\u2019Etre qui me compose profond\u00e9ment. Je suis \u00e9pat\u00e9e par sa clairvoyance et son accompagnement qui permet d\u2019avoir certaines compr\u00e9hensions. La lib\u00e9ration est parfois n\u00e9cessaire sur d\u2019autres plans pour que des changements s\u2019op\u00e8rent dans la vie pr\u00e9sente.<br>Gratitude \ud83d\ude4f\ud83c\udffc<br>Caroline B.<\/em><\/p>\n<\/blockquote>\n\n\n\n<blockquote class=\"wp-block-quote is-layout-flow wp-block-quote-is-layout-flow\">\n<p style=\"font-size:15px;line-height:1.3\"><em>Apr\u00e8s avoir chang\u00e9 de vie, mon mari et moi sommes pass\u00e9s par une p\u00e9riode un peu difficile. Nous avons toujours \u00e9t\u00e9 un couple tr\u00e8s proche, nous nous entendons \u00e0 merveille mais durant cette p\u00e9riode plut\u00f4t instable, j\u2019ai commenc\u00e9 \u00e0 ressentir quelque chose de diff\u00e9rent. Je ne savais pas si cela venait de moi, de lui ou de nous deux et je me suis mise \u00e0 avoir peur pour notre couple. <\/em><\/p>\n\n\n\n<p style=\"font-size:15px;line-height:1.3\"><em>Apr\u00e8s avoir eu plusieurs soins efficaces avec V\u00e9ronique, je lui ai demand\u00e9 un tirage sur th\u00e8me : mon couple.<\/em><\/p>\n\n\n\n<p style=\"font-size:15px;line-height:1.3\"><em>Elle a fait un tirage de tarots et un tirage d&#8217;Oracle. Les m\u00eames genres de symboles ressortaient : le th\u00e8me de l\u2019eau et de la terre ; deux mondes diff\u00e9rents et pourtant en lien \u00e9troit. <\/em><\/p>\n\n\n\n<p style=\"font-size:15px;line-height:1.3\"><em>Apr\u00e8s m\u2019avoir rassur\u00e9e que ce ne serait que passager car de deux mani\u00e8res diff\u00e9rentes mon mari et moi \u00e9tions sur le m\u00eame chemin, j\u2019ai pu trouver le courage d\u2019en discuter avec lui. Nous nous sommes rendus compte que nos soucis \u00e9taient partag\u00e9s, cela nous rapprocha encore plus, bien d\u00e9cid\u00e9s \u00e0 poursuivre nos projets en commun.<\/em><\/p>\n\n\n\n<p style=\"font-size:15px;line-height:1.3\"><em>\u00c0 la suite de ce tirage, V\u00e9ronique m\u2019a permis de rencontrer mon guide : une sir\u00e8ne. Encore une fois, les th\u00e8mes de l\u2019eau et de la terre \u00e9taient r\u00e9unis dans un endroit que j\u2019avais l\u2019impression de conna\u00eetre. Jamais je n\u2019avais eu ce genre d\u2019exp\u00e9rience tr\u00e8s enrichissante. Ma vision des choses a chang\u00e9 et je commence \u00e0 r\u00e9fl\u00e9chir diff\u00e9remment sur des probl\u00e8mes que j\u2019aurais pu trouver insurmontables jusqu\u2019\u00e0 pr\u00e9sent. Je lui en suis vraiment reconnaissante.<\/em><\/p>\n<cite>LILYPUCE (Occitanie)<\/cite><\/blockquote>\n\n\n\n<blockquote class=\"wp-block-quote is-layout-flow wp-block-quote-is-layout-flow\">\n<p style=\"font-size:15px;line-height:1.3\"><em>J&#8217;ai eu la chance de faire plusieurs Guidances avec V\u00e9ronique. Elle est pleine de bienveillance et d&#8217;Amour. Chaque Guidance a \u00e9t\u00e9 diff\u00e9rente. Elle s&#8217;adapte \u00e0 chaque demande et a recours \u00e0 diff\u00e9rents outils (\u00e9coute, hypnose, oracles, pendule, soins \u00e9nergie&#8230;). Elle sait travailler sur la conscience et les \u00e9nergies avec les \u00eatres de lumi\u00e8re en pr\u00e9sence. Je trouve qu&#8217;elle d\u00e9livre et r\u00e9ceptionne avec justesse les messages sans imposer sa vision. Elle reste toujours dans le respect de mon ressenti en \u00e9tant dans l&#8217;accompagnement pour que chacun se connecte \u00e0 sa juste r\u00e9ponse. <\/em><\/p>\n\n\n\n<p style=\"font-size:15px;line-height:1.3\"><em>Elle est top! <\/em>\ud83d\udc4d\ud83c\udffb<\/p>\n<cite>Magali (\u00cele-de-France)<\/cite><\/blockquote>\n\n\n\n<blockquote class=\"wp-block-quote is-layout-flow wp-block-quote-is-layout-flow\">\n<p style=\"border-style:none;border-width:0px;font-size:15px;line-height:1.3\"><em>Bonjour, <\/em><\/p>\n\n\n\n<p style=\"border-style:none;border-width:0px;font-size:15px;line-height:1.3\">J<em>e tenais \u00e0 t\u00e9moigner sur l\u2019exp\u00e9rience que j\u2019ai v\u00e9cu lors des soins prodigu\u00e9s par V\u00e9ronique.<\/em><\/p>\n\n\n\n<p style=\"border-style:none;border-width:0px;font-size:15px;line-height:1.3\"><em>Pour commencer c\u2019est une personne vraiment agr\u00e9able qui inspire la confiance et \u00e0 qui on se confie m\u00eame si nous sommes des personnes ayant du mal \u00e0 se confier (plus simple qu\u2019avec un psychologue).<\/em><\/p>\n\n\n\n<p style=\"border-style:none;border-width:0px;font-size:15px;line-height:1.3\"><em>Pour ma<\/em> <em>part, j\u2019ai eu la chance de rencontrer V\u00e9ronique lors d\u2019une partie de la vie o\u00f9 sinc\u00e8rement j\u2019ai \u00e9t\u00e9 confront\u00e9 \u00e0 des situations difficiles autant moralement que physiquement (maladie,stress, manque de confiance en soi\u2026)<\/em><\/p>\n\n\n\n<p style=\"border-style:none;border-width:0px;font-size:15px;line-height:1.3\"><em>Lors des s\u00e9ances, elle nous parle calmement et d\u2019une voix douce ce qui apaise l\u2019esprit et nous met en confiance.<\/em><\/p>\n\n\n\n<p style=\"border-style:none;border-width:0px;font-size:15px;line-height:1.3\"><em>J\u2019ai pu rencontrer mon guide qui est venu laisser un message d\u2019une personne de ma famille d\u00e9c\u00e9d\u00e9e ce qui m\u2019a permis (apr\u00e8s avoir pleurer \u00e0 chaude larmes) de me sentir mieux et surtout cela m\u2019a permis de reprendre confiance en moi et me sentir une autre personne. <\/em><\/p>\n\n\n\n<p style=\"border-style:none;border-width:0px;font-size:15px;line-height:1.3\"><em>Maintenant \u00e0 chaque fois que je ressens un mal \u00eatre je repense \u00e0 cette s\u00e9ance ce qui me permet de vite rebondir et \u00e9viter de repartir dans la d\u00e9prime.<\/em><\/p>\n\n\n\n<p style=\"border-style:none;border-width:0px;font-size:15px;line-height:1.3\"><em>Je conseille vraiment d\u2019essayer au moins une fois et de juger par vous m\u00eame les bienfaits que cela procure.<\/em><\/p>\n<cite>Jonathan (Occitanie)<\/cite><\/blockquote>\n\n\n\n<blockquote class=\"wp-block-quote is-layout-flow wp-block-quote-is-layout-flow\">\n<p style=\"font-size:15px;line-height:1.3\"><em>Je sortais depuis quelques jours de mon accouchement, j\u2019ai eu un baby blues, voire un d\u00e9but de d\u00e9pression de post-partum, pour moi c\u2019\u00e9tait violent car j\u2019avais eu une grossesse au top, la descente d\u2019hormones a \u00e9t\u00e9 difficile pour ma part, j\u2019\u00e9tais tr\u00e8s fatigu\u00e9e et pleurais souvent pour des raisons parfois inexplicables et surtout me r\u00e9veillais la nuit en entendant des bruits dans ma chambre, comme des pas qui craquaient sur le sol, c\u2019est surtout cela qui m\u2019avait inqui\u00e9t\u00e9e et donc j\u2019ai fais appel aux dons de V\u00e9ronique, qui gr\u00e2ce \u00e0 un des ses soins \u00e9nerg\u00e9tiques, m\u2019a \u00e9nergis\u00e9e, par la suite ,surtout quelques jours plus tard, je me suis sentie beaucoup mieux, un vrai bien-\u00eatre, j\u2019avais l\u2019impression qu\u2019elle m\u2019avait enlev\u00e9 un boulet que je trainais aux pieds\u2026.  Et surtout elle a r\u00e9ussi \u00e0 enlever cette \u00ab entit\u00e9 \u00bb qui devait surement se nourrir de mon mal-\u00eatre. <\/em><\/p>\n\n\n\n<p style=\"font-size:15px;line-height:1.3\"><em>Je lui avais aussi demand\u00e9 une &#8220;Guidance&#8221; sur des questions pr\u00e9cises et qui me tenaient \u00e0 c\u0153ur, elle est impressionnante car elle est toujours &#8220;tomb\u00e9e&#8221; juste, en effet l&#8217;interpr\u00e9tation est bonne et surtout elle n&#8217;\u00e9tait pas inform\u00e9e de ce que je vivais sur le moment.<\/em><\/p>\n\n\n\n<p style=\"font-size:15px;line-height:1.3\"><em>Faire appel \u00e0 V\u00e9ronique et \u00e0 ses dons a \u00e9t\u00e9 pour moi b\u00e9n\u00e9fique dans ce moment si important de ma vie. Par ailleurs c\u2019est une personne \u00e0 l\u2019\u00e9coute, douce et authentique qui saura aussi vous rassurer. <\/em><\/p>\n\n\n\n<p style=\"font-size:15px;line-height:1.3\"><em>Je recommande fortement les prestations de V\u00e9ronique, vous ne pouvez pas \u00eatre d\u00e9\u00e7u. <\/em><\/p>\n<cite>Cavida (\u00cele-de-France)<\/cite><\/blockquote>\n\n\n\n<blockquote class=\"wp-block-quote is-layout-flow wp-block-quote-is-layout-flow\">\n<p style=\"font-size:15px;line-height:1.3\"><em>J\u2019ai eu droit \u00e0 quelques l\u00e9gers vertiges lors de l\u2019harmonisation. A part \u00e7a, quelques jours apr\u00e8s, j\u2019ai senti pas mal de stress mais rien d\u2019inhabituel. Ces derniers jours je me sens beaucoup plus l\u00e9g\u00e8re, avec plus d\u2019\u00e9nergie, d\u2019envie et moins d\u2019appr\u00e9hension. Je sens que l\u2019harmonisation m\u2019a stabilis\u00e9e \ud83d\ude42 <\/em><\/p>\n\n\n\n<p style=\"font-size:15px;line-height:1.3\"><em>Je me suis aussi retrouv\u00e9 dans sa Guidance. Cela m\u2019a permis de comprendre certaines choses et r\u00e9actions que j\u2019avais aujourd\u2019hui \ud83d\ude42<\/em><\/p>\n<cite>Rosalie (Occitanie)<\/cite><\/blockquote>\n\n\n\n<blockquote class=\"wp-block-quote is-layout-flow wp-block-quote-is-layout-flow\">\n<p style=\"font-size:15px;line-height:1.3\"><em>J\u2019ai fait l&#8217;exp\u00e9rience de diff\u00e9rents soins de la part de V\u00e9ronique, et chacun d\u2019entre eux a \u00e9t\u00e9 unique et enrichissant. Ces soins m\u2019ont permis de franchir des \u00e9tapes essentielles de ma vie et de trouver des cl\u00e9s pour avancer avec confiance. Je me suis toujours sentie guid\u00e9e avec bienveillance et beaucoup de justesse. Elle prend le temps d\u2019expliquer clairement et oriente toujours vers le soin le plus adapt\u00e9. <\/em><\/p>\n\n\n\n<p style=\"font-size:15px;line-height:1.3\"><em>J\u2019ai aussi eu l&#8217;opportunit\u00e9 de vivre ma toute premi\u00e8re exp\u00e9rience d\u2019hypnose r\u00e9gressive : vies ant\u00e9rieures, avec V\u00e9ronique, et je suis encore impressionn\u00e9e par ce voyage unique et enrichissant. Bien que j\u2019aie eu du mal \u00e0 l\u00e2cher prise au d\u00e9but, V\u00e9ronique a fait preuve d\u2019une patience et d\u2019un savoir-faire incroyables. Par ses mots bien choisis et sa voix apaisante, elle m\u2019a guid\u00e9e en toute s\u00e9r\u00e9nit\u00e9 vers une connexion profonde dans deux de mes vies ant\u00e9rieures. Un moment \u00e0 la fois intense et r\u00e9v\u00e9lateur. <\/em><\/p>\n\n\n\n<p style=\"font-size:15px;line-height:1.3\"><em>Je recommande vivement ses soins et cette exploration fascinante sous la guidance de V\u00e9ronique.<\/em><\/p>\n<cite>Emilie (Centre Val de Loire)<\/cite><\/blockquote>\n\n\n\n<blockquote class=\"wp-block-quote is-layout-flow wp-block-quote-is-layout-flow\">\n<p style=\"font-size:15px;line-height:1.3\"><em>J\u2019avais pr\u00e9c\u00e9demment fait un burn out, repris \u00e0 mi temps th\u00e9rapeutique et allais resombrer en d\u00e9pression. J\u2019\u00e9prouvais un sentiment de d\u00e9sespoir sans fond que j\u2019\u00e9tais pr\u00eate \u00e0 tout valser : le pro, le perso.<\/em><\/p>\n\n\n\n<p style=\"font-size:15px;line-height:1.3\"><em>Quand l\u2019occasion s\u2019est pr\u00e9sent\u00e9e pour le soin, j\u2019\u00e9tais sceptique car je ne voyais pas du tout d\u2019issue quant \u00e0 mon mal \u00eatre, et surtout r\u00e9alis\u00e9 \u00e0 distance. Donc je m\u2019\u00e9tais dit que je n\u2019avais plus rien \u00e0 perdre.<\/em><\/p>\n\n\n\n<p style=\"font-size:15px;line-height:1.3\"><em>V\u00e9ronique a pris le temps d\u2019\u00e9couter, d\u2019\u00e9changer et m\u2019a confort\u00e9 que tout irait mieux. Contrairement aux autres praticiens rencontr\u00e9s, elle assure un suivi apr\u00e8s le soin, et demande des nouvelles quand aux changements op\u00e9r\u00e9s. Et le changement s\u2019est fait, plus en confiance, s\u00e9r\u00e9nit\u00e9, mon regard sur le monde s\u2019est transform\u00e9 et j\u2019ai l\u2019impression de n\u2019attirer que des bonnes choses.<\/em><\/p>\n\n\n\n<p style=\"font-size:15px;line-height:1.3\"><em>Je la recommande vivement car c\u2019est comme si les bienfaits du soin s\u2019ancrent davantage avec le temps.<\/em><\/p>\n<cite>Dominique (Champagne-Ardenne)<\/cite><\/blockquote>\n\n\n\n<blockquote class=\"wp-block-quote is-layout-flow wp-block-quote-is-layout-flow\">\n<p style=\"font-size:15px;line-height:1.3\"><em>Apr\u00e8s 2 seances de soins \u00e9nerg\u00e9tiques ma fragilit\u00e9 psychologique \u00e0 vu une \u00e9volution positive. Les effets notables sur la r\u00e9duction de mon anxi\u00e9t\u00e9 et mes angoises ont favoris\u00e9 un apaisement \u00e9motionnel.<\/em><\/p>\n\n\n\n<p style=\"font-size:15px;line-height:1.3\"><em>Cela m&#8217;a \u00e9galement procur\u00e9 un boost d&#8217;\u00e9nergie et dynamisme.<\/em><\/p>\n\n\n\n<p style=\"font-size:15px;line-height:1.3\"><em>Le soin visait aussi ma vie intime afin de r\u00e9veiller ma libido. Le r\u00e9sultat a \u00e9tait tr\u00e8s favorable.<\/em><\/p>\n\n\n\n<p style=\"font-size:15px;line-height:1.3\"><em>Tr\u00e8s satisfaite de cette exp\u00e9rience qui m&#8217;a procur\u00e9 un bien \u00eatre, redonn\u00e9 confiance et assurance.<\/em><\/p>\n\n\n\n<p style=\"font-size:15px;line-height:1.3\"><em>Les soins sont faits avec beaucoup de professionnalisme et les s\u00e9ances sont tr\u00e8s agr\u00e9ables et douces.<\/em><\/p>\n\n\n\n<p style=\"font-size:15px;line-height:1.3\"><em>Exp\u00e9rience tr\u00e8s constructive et efficace.<\/em><\/p>\n<cite>Cristina (\u00cele-de-France)<\/cite><\/blockquote>\n\n\n\n<blockquote class=\"wp-block-quote is-layout-flow wp-block-quote-is-layout-flow\">\n<p style=\"font-size:15px;line-height:1.3\"><em>Les s\u00e9ances r\u00e9alis\u00e9es \u00e0 distance par V\u00e9ronique ont \u00e9t\u00e9 d&#8217;une grande efficacit\u00e9 ! Elle a travaill\u00e9 sur ma d\u00e9motivation au travail et une \u00e9nergie en dents de scie de plus en plus accentu\u00e9e. Depuis, j&#8217;ai retrouv\u00e9 dynamisme, ressorts et envies ! Je me sens plus align\u00e9e et en accord avec moi-m\u00eame, je dors mieux. Je la recommande vivement !<\/em><\/p>\n<cite>Daisy (Occitanie)<\/cite><\/blockquote>\n\n\n\n<blockquote class=\"wp-block-quote is-layout-flow wp-block-quote-is-layout-flow\">\n<p style=\"font-size:15px;line-height:1.3\"><em>Soin \u00e9nerg\u00e9tique : Super exp\u00e9rience ! Rel\u00e2chement en profondeur et effets sur plusieurs jours, d\u00e9tente et sommeil apr\u00e8s la s\u00e9ance tr\u00e8s r\u00e9parateur pour ma part. Je conseille fortement.<\/em><\/p>\n<cite>Nathalie (\u00cele-de-France)<\/cite><\/blockquote>\n\n\n\n<blockquote class=\"wp-block-quote is-layout-flow wp-block-quote-is-layout-flow\">\n<p style=\"font-size:15px;line-height:1.3\"><em>J&#8217;ai fait plusieurs soins suite \u00e0 l&#8217;annonce d&#8217;un cancer et de son traitement assez \u00e9puisant. Psychologiquement c&#8217;\u00e9tait tr\u00e8s dur \u00e0 g\u00e9rer. Les soins m&#8217;ont beaucoup aid\u00e9. Les s\u00e9ances sont tr\u00e8s agr\u00e9ables. On est dans sa bulle pendant ce moment. Cela m&#8217;apporte plus de s\u00e9r\u00e9nit\u00e9 et de l\u00e9g\u00e8ret\u00e9 au quotidien. Je me sens plus positive les jours suivants. Je recommande vivement ces soins pour toutes les \u00e9preuves \u00e9motionnelles ou d\u00e9prime dans sa vie.<\/em><\/p>\n<cite>Corinne (\u00cele-de-France)<\/cite><\/blockquote>\n\n\n\n<blockquote class=\"wp-block-quote is-layout-flow wp-block-quote-is-layout-flow\">\n<p style=\"font-size:15px;line-height:1.3\"><em>Gr\u00e2ce \u00e0 vous, je me sens mieux de jours en jours. Et c&#8217;est gr\u00e2ce \u00e0 vos dons, merci.<\/em><\/p>\n<cite>Laureline (\u00cele-de-France)<\/cite><\/blockquote>\n\n\n\n<blockquote class=\"wp-block-quote is-layout-flow wp-block-quote-is-layout-flow\">\n<p style=\"font-size:15px;line-height:1.3\"><em>Apr\u00e8s une longue p\u00e9riode \u00e0 avoir du mal \u00e0 dormir et \u00e0 beaucoup voir les choses n\u00e9gativement, j\u2019ai \u00e9t\u00e9 agr\u00e9ablement surpris de voir l\u2019efficacit\u00e9 du soin presque instantan\u00e9ment pendant la s\u00e9ance et m\u00eame sur la dur\u00e9e. Je recommande et surtout \u00e0 \u00eatre ouvert d\u2019esprit et essayer et se dire que cela est possible, oui!<\/em><\/p>\n<cite>Luciano (R\u00e9gion Grand Est)<\/cite><\/blockquote>\n\n\n\n<blockquote class=\"wp-block-quote is-layout-flow wp-block-quote-is-layout-flow\" style=\"font-size:15px;line-height:1.3\">\n<p style=\"font-size:15px;line-height:1.3\"><em>Gr\u00e2ce aux soins de V\u00e9ronique, j&#8217;ai retrouv\u00e9 le sommeil. J&#8217;ai repris confiance et je peux enfin m&#8217;exprimer sur les probl\u00e8mes que je rencontre dans le milieu professionnel.<\/em><\/p>\n\n\n\n<p style=\"font-size:15px;line-height:1.3\"><em>J&#8217;arrive \u00e0 garder mon sang-froid en p\u00e9riode de stress et \u00e0 \u00e9viter le surmenage.<\/em><\/p>\n<cite>Jessica (Tokyo\/JAPAN)<\/cite><\/blockquote>\n\n\n\n<blockquote class=\"wp-block-quote is-layout-flow wp-block-quote-is-layout-flow\">\n<p style=\"font-size:15px;line-height:1.3\"><em>J&#8217;ai fait faire un soin \u00e9nerg\u00e9tique pour mon petit chat qui \u00e9tait tr\u00e8s craintif ( je l&#8217;ai adopt\u00e9 dans un refuge), ce qui lui a fait du bien. Il a tout de suite \u00e9t\u00e9 plus d\u00e9tendu, moins m\u00e9fiant. Je le recommande pour tous les animaux de compagnie.<\/em><\/p>\n<cite>Corinne (\u00cele-de-France)<\/cite><\/blockquote>\n","protected":false},"excerpt":{"rendered":"<p>Je remercie chaleureusement toutes les personnes qui prennent le temps de t\u00e9moigner sur ma l\u00e9gitimit\u00e9 et mon travail. Vos mots et votre confiance me touchent profond\u00e9ment \ud83d\ude4f\ud83d\udc96 C\u2019est la 1\u00e8re &hellip; <\/p>\n","protected":false},"author":1,"featured_media":0,"parent":0,"menu_order":0,"comment_status":"closed","ping_status":"closed","template":"","meta":{"footnotes":""},"class_list":["post-398","page","type-page","status-publish","hentry","has-meta has-sticky-meta"],"_links":{"self":[{"href":"https:\/\/evoluzen.fr\/index.php\/wp-json\/wp\/v2\/pages\/398","targetHints":{"allow":["GET"]}}],"collection":[{"href":"https:\/\/evoluzen.fr\/index.php\/wp-json\/wp\/v2\/pages"}],"about":[{"href":"https:\/\/evoluzen.fr\/index.php\/wp-json\/wp\/v2\/types\/page"}],"author":[{"embeddable":true,"href":"https:\/\/evoluzen.fr\/index.php\/wp-json\/wp\/v2\/users\/1"}],"replies":[{"embeddable":true,"href":"https:\/\/evoluzen.fr\/index.php\/wp-json\/wp\/v2\/comments?post=398"}],"version-history":[{"count":26,"href":"https:\/\/evoluzen.fr\/index.php\/wp-json\/wp\/v2\/pages\/398\/revisions"}],"predecessor-version":[{"id":787,"href":"https:\/\/evoluzen.fr\/index.php\/wp-json\/wp\/v2\/pages\/398\/revisions\/787"}],"wp:attachment":[{"href":"https:\/\/evoluzen.fr\/index.php\/wp-json\/wp\/v2\/media?parent=398"}],"curies":[{"name":"wp","href":"https:\/\/api.w.org\/{rel}","templated":true}]}}