{"id":136,"date":"2024-12-10T14:11:49","date_gmt":"2024-12-10T13:11:49","guid":{"rendered":"https:\/\/evoluzen.fr\/?page_id=136"},"modified":"2025-02-11T08:52:05","modified_gmt":"2025-02-11T07:52:05","slug":"rompre-un-lien-toxique","status":"publish","type":"page","link":"https:\/\/evoluzen.fr\/index.php\/rompre-un-lien-toxique\/","title":{"rendered":"Rupture d&#8217;un lien toxique"},"content":{"rendered":"\n<p>Ex-compagnon qui n&#8217;arrive pas \u00e0 faire le deuil de votre rupture, relation conflictuelle familiale, personne mal-intentionn\u00e9e au travail ? Vous subissez une forme de pression psychologique, de harc\u00e8lement moral venant d&#8217;une personne de votre entourage ou l&#8217;ombre d&#8217;une ranc\u0153ur pass\u00e9e plane et vous plombe ? Vous \u00eates alors sujet aux liens toxiques.<\/p>\n\n\n\n<p>Les liens \u00e9nerg\u00e9tiques toxiques se forment lorsqu&#8217;une personne entretien une connexion \u00e9motionnelle n\u00e9gative avec une autre personne. <\/p>\n\n\n\n<p>Couper le lien qui alimente les peurs, le manque de respect, l&#8217;intol\u00e9rance etc.. entre vous deux pour que toutes les \u00e9nergies n\u00e9gatives qui vous atteignent soient d\u00e9finitivement nettoy\u00e9es.<\/p>\n\n\n\n<p><em>Seule la nature de la relation deviendra neutre pour un climat plus serein.<\/em><\/p>\n\n\n\n<div class=\"wp-block-media-text is-stacked-on-mobile\" style=\"grid-template-columns:48% auto\"><figure class=\"wp-block-media-text__media\"><img loading=\"lazy\" decoding=\"async\" width=\"1024\" height=\"681\" src=\"https:\/\/evoluzen.fr\/wp-content\/uploads\/2025\/02\/pexels-rdne-6670067-1024x681.jpg\" alt=\"\" class=\"wp-image-598 size-full\" srcset=\"https:\/\/evoluzen.fr\/wp-content\/uploads\/2025\/02\/pexels-rdne-6670067-1024x681.jpg 1024w, https:\/\/evoluzen.fr\/wp-content\/uploads\/2025\/02\/pexels-rdne-6670067-300x200.jpg 300w, https:\/\/evoluzen.fr\/wp-content\/uploads\/2025\/02\/pexels-rdne-6670067-768x511.jpg 768w, https:\/\/evoluzen.fr\/wp-content\/uploads\/2025\/02\/pexels-rdne-6670067-1536x1022.jpg 1536w, https:\/\/evoluzen.fr\/wp-content\/uploads\/2025\/02\/pexels-rdne-6670067-2048x1363.jpg 2048w\" sizes=\"auto, (max-width: 1024px) 100vw, 1024px\" \/><\/figure><div class=\"wp-block-media-text__content\">\n<p class=\"has-text-color has-link-color wp-elements-5c13f1a6d875117603e896c6ad2cc14d\" style=\"color:#4d5c67\"><strong><em>Me communiquer le nom et pr\u00e9nom de la personne toxique ainsi que votre relation, les circonstances pour valider votre demande.<\/em><\/strong><\/p>\n\n\n\n<p class=\"has-text-color has-link-color wp-elements-c523a41d4dbbbcf939eb6e29f8d407b3\" style=\"color:#4d5c67\"><strong><em>Prix : 94 euros.<\/em><\/strong><\/p>\n<\/div><\/div>\n\n\n\n<p><\/p>\n","protected":false},"excerpt":{"rendered":"<p>Ex-compagnon qui n&#8217;arrive pas \u00e0 faire le deuil de votre rupture, relation conflictuelle familiale, personne mal-intentionn\u00e9e au travail ? Vous subissez une forme de pression psychologique, de harc\u00e8lement moral venant &hellip; <\/p>\n","protected":false},"author":1,"featured_media":0,"parent":0,"menu_order":0,"comment_status":"closed","ping_status":"closed","template":"","meta":{"footnotes":""},"class_list":["post-136","page","type-page","status-publish","hentry","has-meta has-sticky-meta"],"_links":{"self":[{"href":"https:\/\/evoluzen.fr\/index.php\/wp-json\/wp\/v2\/pages\/136","targetHints":{"allow":["GET"]}}],"collection":[{"href":"https:\/\/evoluzen.fr\/index.php\/wp-json\/wp\/v2\/pages"}],"about":[{"href":"https:\/\/evoluzen.fr\/index.php\/wp-json\/wp\/v2\/types\/page"}],"author":[{"embeddable":true,"href":"https:\/\/evoluzen.fr\/index.php\/wp-json\/wp\/v2\/users\/1"}],"replies":[{"embeddable":true,"href":"https:\/\/evoluzen.fr\/index.php\/wp-json\/wp\/v2\/comments?post=136"}],"version-history":[{"count":17,"href":"https:\/\/evoluzen.fr\/index.php\/wp-json\/wp\/v2\/pages\/136\/revisions"}],"predecessor-version":[{"id":610,"href":"https:\/\/evoluzen.fr\/index.php\/wp-json\/wp\/v2\/pages\/136\/revisions\/610"}],"wp:attachment":[{"href":"https:\/\/evoluzen.fr\/index.php\/wp-json\/wp\/v2\/media?parent=136"}],"curies":[{"name":"wp","href":"https:\/\/api.w.org\/{rel}","templated":true}]}}